t w be t(9). Suppose -w*l - 3 = -11*l. Suppose 0 = 4*x - n - 21 - l, -2*n = -3*x + 13. Calculate the greatest common factor of x and 49.
7
Let g be 4*1*(-14)/(-7). Let o = -4 + g. Let r be ((-2)/o)/((-6)/1176). What is the highest common factor of 14 and r?
14
Suppose -86 = 37*w - 160. Calculate the highest common factor of w and 62.
2
Let w(m) = 3*m**2 - 2*m. Let n be w(2). Let y = -82 + 85. Suppose -y*u - 4*d - 3 = -2*d, -3*d - 11 = -2*u. Calculate the highest common divisor of u and n.
1
Suppose 9 + 6 = 3*b. Let n(x) = -x**3 + 5*x**2 + 6. Let f be n(b). Suppose 4*m + 3*z - 9 + 1 = 0, -2*z = 0. What is the greatest common factor of m and f?
2
Let l(w) = -2*w**2 + 24*w + 20. Let v be l(12). Calculate the greatest common divisor of 20 and v.
20
Let o(x) = x**3 + x**2 - x. Let y(m) = -7*m**3 - 19*m**2 + 18*m - 20. Let q(k) = 6*o(k) + y(k). Let h be q(-15). What is the highest common factor of 25 and h?
25
Let h(c) = 4*c - 3*c + 0*c + 2 + 2. Let m be h(3). Suppose -p = u - 2, 4*u - m*p = -2*p + 53. What is the greatest common divisor of 56 and u?
7
Let l(c) = c**3 + c**2 + c. Let w be l(-1). Let u be 6*257/4 + w/2. Calculate the greatest common divisor of 35 and u.
35
Let z(b) = 2*b + 8. Let l be z(-4). Suppose -4*r + 6*r - 80 = l. Calculate the greatest common factor of r and 4.
4
Suppose -422 = -45*d + 42*d - 2*k, -4*k + 4 = 0. Calculate the highest common factor of d and 5.
5
Suppose -5*z = -2*c - 120, 3*z = -218*c + 221*c + 72. Let q be ((-6)/4)/((-2)/4). What is the highest common factor of z and q?
3
Let r be ((-7095)/(-20))/11 + 3/4. What is the greatest common factor of r and 429?
33
Suppose 3*z - 368 = -4*y, 0*z - 4*y = 2*z - 244. Let o = z - 88. Calculate the highest common divisor of 4 and o.
4
Let k = -260 - -304. Calculate the highest common factor of 66 and k.
22
Let k be (56/(-98))/((-6)/21). Let v be (-2)/(-6) - 94/(-6). What is the greatest common divisor of v and k?
2
Suppose 5 = -v + 27. Let h = 26 - v. Suppose 5*y - q - 13 = 4, -2*y = h*q + 2. Calculate the greatest common divisor of y and 24.
3
Let h(a) = a + 35. Let t be h(-24). Calculate the greatest common factor of t and 704.
11
Let y(k) = -k**2 + 20*k - 31. Let i be y(13). What is the highest common factor of 168 and i?
12
Let t be (-2 - -3)*4/(-2)*-1. Let i be -4*(-2 - 6/(-4)). Suppose -i*h + t = -0. What is the highest common divisor of h and 1?
1
Let p = 48 + 72. Suppose 2*x - 66 = -0*x + 3*s, 10 = -5*s. What is the highest common divisor of p and x?
30
Suppose -6*k = -7*k. Suppose k = 3*r - r - 14. Suppose 5*g + 10 = 0, 0 = -r*v + 3*v - 5*g + 550. Calculate the greatest common factor of 35 and v.
35
Let p be 7/84 - (-550)/24. Calculate the greatest common factor of 575 and p.
23
Suppose -o = z - 2, 7*z - 4*z - 3*o = 24. Calculate the highest common divisor of 45 and z.
5
Suppose 2*q - 4*w + 5*w - 25 = 0, -2*q + 3*w = -21. Let v = -34 + 64. What is the highest common divisor of v and q?
6
Let r be (741/38)/((-6)/(-20)). What is the highest common factor of r and 5?
5
Let d = -179 - -183. What is the highest common factor of 8 and d?
4
Suppose -b + 4 = 0, 3*b = -3*w - b + 67. Let l = w + -14. Let y(d) = 17*d**2 + 4*d. Let v be y(l). Calculate the greatest common factor of v and 15.
15
Suppose -4*d + 2660 = 87*s - 91*s, -d + 3*s = -663. Calculate the greatest common factor of d and 148.
74
Let g(v) = -5*v + 16. Let u(w) = -w**2 + 3*w - 4. Let a be u(3). Let m be g(a). Calculate the highest common divisor of 27 and m.
9
Suppose -5*k - 135*m + 140*m = -240, 3*m - 157 = -4*k. Suppose -4*a - t + 1549 = 0, -a - 384 = -2*a + 3*t. What is the highest common factor of k and a?
43
Suppose -3*x + 6 = 2*z - 0*x, 3*x = -4*z. Let g be (1 + 22)/(3*z/(-9)). What is the greatest common factor of 46 and g?
23
Suppose 19*w + 5 = 22*w + 5*u, 0 = -w + 3*u + 11. Calculate the highest common factor of w and 475.
5
Let b be (-2)/((-4)/(-8) + -1). Suppose 0 = b*x - 13 - 59. What is the highest common divisor of x and 45?
9
Let j(w) = -w**2 - 7*w - 8. Let x be -2*(-3)/(-12)*14. Let r be j(x). Let s be 4*(-2 + (-62)/r). What is the greatest common factor of s and 115?
23
Suppose -42 + 498 = 19*p. Suppose -r = 4*r - n - 65, 3*r + 2*n = 26. What is the greatest common divisor of p and r?
12
Let i(m) = m**3 - 2*m**2 - m + 226. Let w be i(0). Suppose 0 = -5*s + w - 1. Calculate the highest common divisor of 18 and s.
9
Let z(u) = -2*u + 44. Let g be z(-14). Let a be (-4)/((-16)/3) + 2250/g. What is the highest common factor of 16 and a?
16
Let y = 695 + 1150. Calculate the highest common divisor of y and 45.
45
Let r = 16 - -29. What is the greatest common factor of 10 and r?
5
Let o = 7 + -3. Let x be 2/(-4)*((-608)/4)/o. What is the highest common factor of 95 and x?
19
Let k = 5 + -3. Suppose k = m - 0. Let x be m + (-8)/3*-3. Calculate the greatest common divisor of 70 and x.
10
Let q(l) = 6*l + 6. Let u be q(5). Suppose 2*x + x - 4*p = u, x - 17 = 3*p. Calculate the greatest common divisor of 28 and x.
4
Let t(y) = y**3 - 5*y**2 + 2*y - 4. Let m be t(4). Let l = m + 16. Let q be (26 - 0)*2/l. What is the greatest common factor of q and 13?
13
Let j(y) = 5*y**2 + 58*y - 9. Let a be j(-17). Calculate the greatest common divisor of 200 and a.
50
Let a be 1*(14/(-7)*-15 - 3). What is the highest common factor of 729 and a?
27
Suppose 0 = -0*j + j - 3. Suppose 2*i = j*i. Suppose -4*k - 3*k + 189 = i. Calculate the highest common factor of 54 and k.
27
Let a(x) = -104*x. Let t be a(-1). Suppose 30*s = 28*s + 2*g + 34, s + 4*g + 3 = 0. What is the highest common divisor of t and s?
13
Let g be (-582)/(-18) - (-2)/3. Suppose 0 = 4*h - g - 183. Suppose -h = -v - 0*v. What is the greatest common divisor of 6 and v?
6
Let f = 1513 + -1318. Calculate the highest common factor of f and 120.
15
Let g be 2/(-7) - (-1670)/(-28)*-2. Suppose -j + 22 = -5*y, -4*y - 34 = -5*j + 13. Calculate the highest common divisor of j and g.
7
Suppose 2*s - 11 + 3 = 0. Let z be (-982)/(-4) + 2/s. Suppose -4*i + 496 = 5*m, -2*i + m = 3*m - z. What is the greatest common factor of i and 17?
17
Suppose -4*l + 44 = 6*c - 5*c, -6*c - 3*l + 159 = 0. Suppose 3*z = -6*j + 2*j + 88, 3*z = -5*j + 92. What is the greatest common factor of c and z?
24
Let b(c) = c**3 + 5*c**2 + c - 5. Let s be b(-4). Let f = s - 4. Suppose 3*d - 15 = -f. Calculate the highest common factor of d and 32.
4
Let q = 345 + -258. What is the greatest common divisor of 6 and q?
3
Let m(f) = -f**3 + 17*f**2 + 21*f - 15. Let k be m(18). What is the highest common factor of 325 and k?
13
Suppose 14706*f + 288 = 14709*f. Calculate the highest common divisor of 324 and f.
12
Let q be -1 + 2*3*1. Suppose j - 5 = 0, q*j = -x + 13 + 19. Suppose 5*h - 2*g - 105 = 0, 9*h = 8*h + 2*g + 21. Calculate the highest common divisor of x and h.
7
Suppose 2*h + 14 = -h - 4*f, 0 = -h - f - 3. Let p be 0/h - (-4 + 4). Suppose 3*r - 17 - 7 = p. What is the greatest common factor of 8 and r?
8
Let z = -261 - -275. Calculate the greatest common divisor of 336 and z.
14
Suppose c + 7 = s - 4*s, 5*s = 5*c - 25. Suppose -14*b = -33 - 107. Calculate the greatest common factor of b and c.
2
Let y = -3 + 5. Suppose 2*t - c = 6, t - y*c = 3*c - 6. Suppose -t*u - 18 = -2*q, -q - 3*q = 3*u - 47. Calculate the greatest common factor of q and 77.
11
Let w(q) = 17*q + 2. Let j be w(7). Suppose 2*z - 108 - 16 = 0. Suppose 4*y + 8 - z = -2*b, 0 = 2*b - 10. Calculate the greatest common factor of j and y.
11
Suppose -9*w + 28*w - 1634 = 0. What is the highest common divisor of 903 and w?
43
Let q = -329 - -1154. What is the greatest common factor of 33 and q?
33
Suppose 5*k = -z + 291, -289 = -5*k - 3*z + 4*z. Suppose -o - 92 = -3*b + 4*o, -2*b = 2*o - 56. What is the highest common factor of b and k?
29
Let w = -281 - -297. What is the highest common divisor of 144 and w?
16
Let o(t) = -t**2 + 7*t - 31. Let z be o(7). Let k = z + 33. What is the greatest common divisor of 2 and k?
2
Let o = -441 + 485. Calculate the greatest common factor of o and 132.
44
Suppose 144 = 2*d - 76. Let t(g) = 4*g - 2. Let u be t(1). Suppose 2*w - 18 = -r + u*r, -5*r = w - 20. Calculate the highest common factor of d and w.
10
Let y be (-4)/(-2)*(4 + -2). Suppose 0*p + 8 = y*p. Let o(c) = -c**2 - 5*c + 8. Let z b